{"id":44,"date":"2022-02-18T13:34:52","date_gmt":"2022-02-18T13:34:52","guid":{"rendered":"https:\/\/dwm24.pl\/blog\/?page_id=44"},"modified":"2024-05-15T09:44:11","modified_gmt":"2024-05-15T09:44:11","slug":"44-2","status":"publish","type":"page","link":"https:\/\/dwm24.pl\/blog\/","title":{"rendered":""},"content":{"rendered":"\n<hr>\n\n\n\n<div class=\"wp-block-jetpack-tiled-gallery is-style-rectangular\"><div class=\"tiled-gallery__gallery\"><div class=\"tiled-gallery__row\"><div class=\"tiled-gallery__col\" style=\"flex-basis:66.74718%\"><figure class=\"tiled-gallery__item\"><img srcset=\"https:\/\/i0.wp.com\/dwm24.pl\/blog\/wp-content\/uploads\/2022\/09\/materialy-1-1024x1024.jpeg?strip=info&#038;w=600&#038;ssl=1 600w,https:\/\/i0.wp.com\/dwm24.pl\/blog\/wp-content\/uploads\/2022\/09\/materialy-1-1024x1024.jpeg?strip=info&#038;w=900&#038;ssl=1 900w,https:\/\/i0.wp.com\/dwm24.pl\/blog\/wp-content\/uploads\/2022\/09\/materialy-1-1024x1024.jpeg?strip=info&#038;w=1200&#038;ssl=1 1200w,https:\/\/i0.wp.com\/dwm24.pl\/blog\/wp-content\/uploads\/2022\/09\/materialy-1-1024x1024.jpeg?strip=info&#038;w=1500&#038;ssl=1 1500w,https:\/\/i0.wp.com\/dwm24.pl\/blog\/wp-content\/uploads\/2022\/09\/materialy-1-1024x1024.jpeg?strip=info&#038;w=1800&#038;ssl=1 1800w,https:\/\/i0.wp.com\/dwm24.pl\/blog\/wp-content\/uploads\/2022\/09\/materialy-1-1024x1024.jpeg?strip=info&#038;w=2000&#038;ssl=1 2000w\" alt=\"tkaniny do rolet i mebli\" data-height=\"2048\" data-id=\"254\" data-link=\"https:\/\/dwm24.pl\/blog\/44-2\/materialy-1\/\" data-url=\"https:\/\/dwm24.pl\/blog\/wp-content\/uploads\/2022\/09\/materialy-1-1024x1024.jpeg\" data-width=\"2048\" src=\"https:\/\/i0.wp.com\/dwm24.pl\/blog\/wp-content\/uploads\/2022\/09\/materialy-1-1024x1024.jpeg?ssl=1\" data-amp-layout=\"responsive\"\/><\/figure><\/div><div class=\"tiled-gallery__col\" style=\"flex-basis:33.25282%\"><figure class=\"tiled-gallery__item\"><img srcset=\"https:\/\/i1.wp.com\/dwm24.pl\/blog\/wp-content\/uploads\/2022\/09\/panele3-2.jpg?strip=info&#038;w=600&#038;ssl=1 600w,https:\/\/i1.wp.com\/dwm24.pl\/blog\/wp-content\/uploads\/2022\/09\/panele3-2.jpg?strip=info&#038;w=736&#038;ssl=1 736w\" alt=\"panele pod\u0142ogowe\" data-height=\"736\" data-id=\"257\" data-link=\"https:\/\/dwm24.pl\/blog\/44-2\/panele3-2\/\" data-url=\"https:\/\/dwm24.pl\/blog\/wp-content\/uploads\/2022\/09\/panele3-2.jpg\" data-width=\"736\" src=\"https:\/\/i1.wp.com\/dwm24.pl\/blog\/wp-content\/uploads\/2022\/09\/panele3-2.jpg?ssl=1\" data-amp-layout=\"responsive\"\/><\/figure><figure class=\"tiled-gallery__item\"><img srcset=\"https:\/\/i2.wp.com\/dwm24.pl\/blog\/wp-content\/uploads\/2022\/09\/tapety-1-1024x1024.jpg?strip=info&#038;w=600&#038;ssl=1 600w,https:\/\/i2.wp.com\/dwm24.pl\/blog\/wp-content\/uploads\/2022\/09\/tapety-1-1024x1024.jpg?strip=info&#038;w=900&#038;ssl=1 900w,https:\/\/i2.wp.com\/dwm24.pl\/blog\/wp-content\/uploads\/2022\/09\/tapety-1-1024x1024.jpg?strip=info&#038;w=1200&#038;ssl=1 1200w,https:\/\/i2.wp.com\/dwm24.pl\/blog\/wp-content\/uploads\/2022\/09\/tapety-1-1024x1024.jpg?strip=info&#038;w=1365&#038;ssl=1 1365w\" alt=\"pok\u00f3j z tapet\u0105 w motyle\" data-height=\"1365\" data-id=\"259\" data-link=\"https:\/\/dwm24.pl\/blog\/44-2\/tapety-1\/\" data-url=\"https:\/\/dwm24.pl\/blog\/wp-content\/uploads\/2022\/09\/tapety-1-1024x1024.jpg\" data-width=\"1365\" src=\"https:\/\/i2.wp.com\/dwm24.pl\/blog\/wp-content\/uploads\/2022\/09\/tapety-1-1024x1024.jpg?ssl=1\" data-amp-layout=\"responsive\"\/><\/figure><\/div><\/div><div class=\"tiled-gallery__row\"><div class=\"tiled-gallery__col\" style=\"flex-basis:55.54348%\"><figure class=\"tiled-gallery__item\"><img srcset=\"https:\/\/i0.wp.com\/dwm24.pl\/blog\/wp-content\/uploads\/2022\/09\/wykladziny-1-1024x1024.jpg?strip=info&#038;w=600&#038;ssl=1 600w,https:\/\/i0.wp.com\/dwm24.pl\/blog\/wp-content\/uploads\/2022\/09\/wykladziny-1-1024x1024.jpg?strip=info&#038;w=900&#038;ssl=1 900w,https:\/\/i0.wp.com\/dwm24.pl\/blog\/wp-content\/uploads\/2022\/09\/wykladziny-1-1024x1024.jpg?strip=info&#038;w=1200&#038;ssl=1 1200w,https:\/\/i0.wp.com\/dwm24.pl\/blog\/wp-content\/uploads\/2022\/09\/wykladziny-1-1024x1024.jpg?strip=info&#038;w=1500&#038;ssl=1 1500w,https:\/\/i0.wp.com\/dwm24.pl\/blog\/wp-content\/uploads\/2022\/09\/wykladziny-1-1024x1024.jpg?strip=info&#038;w=1800&#038;ssl=1 1800w,https:\/\/i0.wp.com\/dwm24.pl\/blog\/wp-content\/uploads\/2022\/09\/wykladziny-1-1024x1024.jpg?strip=info&#038;w=2000&#038;ssl=1 2000w\" alt=\"pr\u00f3bniki wyk\u0142adzin dywanowych\" data-height=\"2048\" data-id=\"260\" data-link=\"https:\/\/dwm24.pl\/blog\/44-2\/wykladziny-1\/\" data-url=\"https:\/\/dwm24.pl\/blog\/wp-content\/uploads\/2022\/09\/wykladziny-1-1024x1024.jpg\" data-width=\"2048\" src=\"https:\/\/i0.wp.com\/dwm24.pl\/blog\/wp-content\/uploads\/2022\/09\/wykladziny-1-1024x1024.jpg?ssl=1\" data-amp-layout=\"responsive\"\/><\/figure><\/div><div class=\"tiled-gallery__col\" style=\"flex-basis:44.45652%\"><figure class=\"tiled-gallery__item\"><img srcset=\"https:\/\/i1.wp.com\/dwm24.pl\/blog\/wp-content\/uploads\/2022\/09\/roleta222-819x1024.jpg?strip=info&#038;w=600&#038;ssl=1 600w,https:\/\/i1.wp.com\/dwm24.pl\/blog\/wp-content\/uploads\/2022\/09\/roleta222-819x1024.jpg?strip=info&#038;w=900&#038;ssl=1 900w,https:\/\/i1.wp.com\/dwm24.pl\/blog\/wp-content\/uploads\/2022\/09\/roleta222-819x1024.jpg?strip=info&#038;w=1080&#038;ssl=1 1080w\" alt=\"roleta rzymska\" data-height=\"1350\" data-id=\"270\" data-link=\"https:\/\/dwm24.pl\/blog\/44-2\/roleta222\/\" data-url=\"https:\/\/dwm24.pl\/blog\/wp-content\/uploads\/2022\/09\/roleta222-819x1024.jpg\" data-width=\"1080\" src=\"https:\/\/i1.wp.com\/dwm24.pl\/blog\/wp-content\/uploads\/2022\/09\/roleta222-819x1024.jpg?ssl=1\" data-amp-layout=\"responsive\"\/><\/figure><\/div><\/div><\/div><\/div>\n\n\n\n<div class=\"wp-container-2 wp-block-query\"><ul class=\"wp-container-1 wp-block-post-template\"><li class=\"wp-block-post post-555 post type-post status-publish format-standard has-post-thumbnail hentry category-uncategorized\">\n<h2 class=\"wp-block-post-title\"><a href=\"https:\/\/dwm24.pl\/blog\/inspiracje-5\/\" target=\"_self\" rel=\"\">Inspiracje<\/a><\/h2>\n\n<figure class=\"alignwide wp-block-post-featured-image\"><a href=\"https:\/\/dwm24.pl\/blog\/inspiracje-5\/\"><img width=\"1920\" height=\"2560\" src=\"https:\/\/dwm24.pl\/blog\/wp-content\/uploads\/2025\/02\/IMG_8582-scaled.jpeg\" class=\"attachment-post-thumbnail size-post-thumbnail wp-post-image\" alt=\"Inspiracje\" loading=\"lazy\" srcset=\"https:\/\/dwm24.pl\/blog\/wp-content\/uploads\/2025\/02\/IMG_8582-scaled.jpeg 1920w, https:\/\/dwm24.pl\/blog\/wp-content\/uploads\/2025\/02\/IMG_8582-225x300.jpeg 225w, https:\/\/dwm24.pl\/blog\/wp-content\/uploads\/2025\/02\/IMG_8582-768x1024.jpeg 768w, https:\/\/dwm24.pl\/blog\/wp-content\/uploads\/2025\/02\/IMG_8582-1152x1536.jpeg 1152w, https:\/\/dwm24.pl\/blog\/wp-content\/uploads\/2025\/02\/IMG_8582-1536x2048.jpeg 1536w, https:\/\/dwm24.pl\/blog\/wp-content\/uploads\/2025\/02\/IMG_8582-1140x1520.jpeg 1140w\" sizes=\"(max-width: 1920px) 100vw, 1920px\" \/><\/a><\/figure>\n\n\n\n\n<hr class=\"wp-block-separator has-css-opacity\"\/>\n\n\n<div class=\"wp-block-post-date\"><time datetime=\"2025-02-08T13:39:53+00:00\">8 lutego, 2025<\/time><\/div>\n<\/li><li class=\"wp-block-post post-529 post type-post status-publish format-standard has-post-thumbnail hentry category-artykuly tag-malowanie-po-scianie tag-nowoczesna-dekoracja-wnetrz tag-wallcasso tag-zmalujemy-twoje-sciany\">\n<h2 class=\"wp-block-post-title\"><a href=\"https:\/\/dwm24.pl\/blog\/nowy-pracownik-w-dwm-wallcasso\/\" target=\"_self\" rel=\"\">NOWY PRACOWNIK W DWM &#8211; WALLCASSO<\/a><\/h2>\n\n<figure class=\"alignwide wp-block-post-featured-image\"><a href=\"https:\/\/dwm24.pl\/blog\/nowy-pracownik-w-dwm-wallcasso\/\"><img width=\"1920\" height=\"2560\" src=\"https:\/\/dwm24.pl\/blog\/wp-content\/uploads\/2025\/01\/IMG_4940-scaled.jpeg\" class=\"attachment-post-thumbnail size-post-thumbnail wp-post-image\" alt=\"NOWY PRACOWNIK W DWM &#8211; WALLCASSO\" loading=\"lazy\" srcset=\"https:\/\/dwm24.pl\/blog\/wp-content\/uploads\/2025\/01\/IMG_4940-scaled.jpeg 1920w, https:\/\/dwm24.pl\/blog\/wp-content\/uploads\/2025\/01\/IMG_4940-225x300.jpeg 225w, https:\/\/dwm24.pl\/blog\/wp-content\/uploads\/2025\/01\/IMG_4940-768x1024.jpeg 768w, https:\/\/dwm24.pl\/blog\/wp-content\/uploads\/2025\/01\/IMG_4940-1152x1536.jpeg 1152w, https:\/\/dwm24.pl\/blog\/wp-content\/uploads\/2025\/01\/IMG_4940-1536x2048.jpeg 1536w, https:\/\/dwm24.pl\/blog\/wp-content\/uploads\/2025\/01\/IMG_4940-1140x1520.jpeg 1140w\" sizes=\"(max-width: 1920px) 100vw, 1920px\" \/><\/a><\/figure>\n\n<div class=\"wp-block-post-excerpt\"><p class=\"wp-block-post-excerpt__excerpt\">Nasz nowy pracownik &#8211; WallCasso &#8211; b\u0119dzie obs\u0142ugiwa\u0142 niezwyk\u0142\u0105 drukark\u0119. Nie b\u0119dziemy jednak drukowa\u0107 kolorowych kartek, tylko obrazy, wzory, teksty, pejza\u017ce, a nawet zdj\u0119cia! Wszystkie te pomys\u0142y b\u0119dzie realizowa\u0107 na \u015bcianie lub szkle, drewnie, cegle, p\u0142\u00f3tnie, a nawet p\u0142ytkach ceramicznych. Nadrukiem mo\u017cna pokry\u0107 powierzchni\u0119 na wysoko\u015b\u0107 do 4 metr\u00f3w! Nasza drukarka poleca si\u0119 zatem nie tylko do u\u017cytku domowego, ale r\u00f3wnie\u017c wykona logo w instytucjach publicznych, firmach czy lokalach us\u0142ugowych, gdzie \u015bciany s\u0105 wy\u017csze ni\u017c standardowe. <\/p><\/div>\n\n\n<hr class=\"wp-block-separator has-css-opacity\"\/>\n\n\n<div class=\"wp-block-post-date\"><time datetime=\"2025-01-26T21:22:34+00:00\">26 stycznia, 2025<\/time><\/div>\n<\/li><li class=\"wp-block-post post-525 post type-post status-publish format-standard has-post-thumbnail hentry category-uncategorized\">\n<h2 class=\"wp-block-post-title\"><a href=\"https:\/\/dwm24.pl\/blog\/inspiracje-4\/\" target=\"_self\" rel=\"\">Inspiracje<\/a><\/h2>\n\n<figure class=\"alignwide wp-block-post-featured-image\"><a href=\"https:\/\/dwm24.pl\/blog\/inspiracje-4\/\"><img width=\"1920\" height=\"2560\" src=\"https:\/\/dwm24.pl\/blog\/wp-content\/uploads\/2025\/01\/IMG_8373-scaled.jpeg\" class=\"attachment-post-thumbnail size-post-thumbnail wp-post-image\" alt=\"Inspiracje\" loading=\"lazy\" srcset=\"https:\/\/dwm24.pl\/blog\/wp-content\/uploads\/2025\/01\/IMG_8373-scaled.jpeg 1920w, https:\/\/dwm24.pl\/blog\/wp-content\/uploads\/2025\/01\/IMG_8373-225x300.jpeg 225w, https:\/\/dwm24.pl\/blog\/wp-content\/uploads\/2025\/01\/IMG_8373-768x1024.jpeg 768w, https:\/\/dwm24.pl\/blog\/wp-content\/uploads\/2025\/01\/IMG_8373-1152x1536.jpeg 1152w, https:\/\/dwm24.pl\/blog\/wp-content\/uploads\/2025\/01\/IMG_8373-1536x2048.jpeg 1536w, https:\/\/dwm24.pl\/blog\/wp-content\/uploads\/2025\/01\/IMG_8373-1140x1520.jpeg 1140w\" sizes=\"(max-width: 1920px) 100vw, 1920px\" \/><\/a><\/figure>\n\n\n\n\n<hr class=\"wp-block-separator has-css-opacity\"\/>\n\n\n<div class=\"wp-block-post-date\"><time datetime=\"2025-01-25T14:08:49+00:00\">25 stycznia, 2025<\/time><\/div>\n<\/li><\/ul><\/div>\n","protected":false},"excerpt":{"rendered":"","protected":false},"author":1,"featured_media":0,"parent":0,"menu_order":0,"comment_status":"closed","ping_status":"closed","template":"","meta":[],"yoast_head":"<!-- This site is optimized with the Yoast SEO plugin v19.7.2 - https:\/\/yoast.com\/wordpress\/plugins\/seo\/ -->\n<title>- DWM - pomagamy, aby mieszka\u0142o si\u0119 lepiej<\/title>\n<meta name=\"robots\" content=\"index, follow, max-snippet:-1, max-image-preview:large, max-video-preview:-1\" \/>\n<link rel=\"canonical\" href=\"https:\/\/dwm24.pl\/blog\/\" \/>\n<meta property=\"og:locale\" content=\"pl_PL\" \/>\n<meta property=\"og:type\" content=\"article\" \/>\n<meta property=\"og:title\" content=\"- DWM - pomagamy, aby mieszka\u0142o si\u0119 lepiej\" \/>\n<meta property=\"og:url\" content=\"https:\/\/dwm24.pl\/blog\/\" \/>\n<meta property=\"og:site_name\" content=\"DWM - pomagamy, aby mieszka\u0142o si\u0119 lepiej\" \/>\n<meta property=\"article:publisher\" content=\"https:\/\/www.facebook.com\/dwm24\" \/>\n<meta property=\"article:modified_time\" content=\"2024-05-15T09:44:11+00:00\" \/>\n<meta property=\"og:image\" content=\"https:\/\/i0.wp.com\/dwm24.pl\/blog\/wp-content\/uploads\/2022\/09\/materialy-1-1024x1024.jpeg?ssl=1\" \/>\n<meta name=\"twitter:card\" content=\"summary_large_image\" \/>\n<meta name=\"twitter:label1\" content=\"Szacowany czas czytania\" \/>\n\t<meta name=\"twitter:data1\" content=\"1 minuta\" \/>\n<script type=\"application\/ld+json\" class=\"yoast-schema-graph\">{\"@context\":\"https:\/\/schema.org\",\"@graph\":[{\"@type\":\"WebPage\",\"@id\":\"https:\/\/dwm24.pl\/blog\/\",\"url\":\"https:\/\/dwm24.pl\/blog\/\",\"name\":\"- DWM - pomagamy, aby mieszka\u0142o si\u0119 lepiej\",\"isPartOf\":{\"@id\":\"https:\/\/dwm24.pl\/blog\/#website\"},\"datePublished\":\"2022-02-18T13:34:52+00:00\",\"dateModified\":\"2024-05-15T09:44:11+00:00\",\"breadcrumb\":{\"@id\":\"https:\/\/dwm24.pl\/blog\/#breadcrumb\"},\"inLanguage\":\"pl-PL\",\"potentialAction\":[{\"@type\":\"ReadAction\",\"target\":[\"https:\/\/dwm24.pl\/blog\/\"]}]},{\"@type\":\"BreadcrumbList\",\"@id\":\"https:\/\/dwm24.pl\/blog\/#breadcrumb\",\"itemListElement\":[{\"@type\":\"ListItem\",\"position\":1,\"name\":\"Strona g\u0142\u00f3wna\",\"item\":\"https:\/\/dwm24.pl\/blog\/\"},{\"@type\":\"ListItem\",\"position\":2,\"name\":\"\"}]},{\"@type\":\"WebSite\",\"@id\":\"https:\/\/dwm24.pl\/blog\/#website\",\"url\":\"https:\/\/dwm24.pl\/blog\/\",\"name\":\"DWM - pomagamy, aby mieszka\u0142o si\u0119 lepiej\",\"description\":\"\",\"publisher\":{\"@id\":\"https:\/\/dwm24.pl\/blog\/#organization\"},\"potentialAction\":[{\"@type\":\"SearchAction\",\"target\":{\"@type\":\"EntryPoint\",\"urlTemplate\":\"https:\/\/dwm24.pl\/blog\/?s={search_term_string}\"},\"query-input\":\"required name=search_term_string\"}],\"inLanguage\":\"pl-PL\"},{\"@type\":\"Organization\",\"@id\":\"https:\/\/dwm24.pl\/blog\/#organization\",\"name\":\"DWM - pomagamy, aby mieszka\u0142o si\u0119 lepiej\",\"url\":\"https:\/\/dwm24.pl\/blog\/\",\"sameAs\":[\"https:\/\/www.instagram.com\/dwm24.pl\/\",\"https:\/\/www.facebook.com\/dwm24\"],\"logo\":{\"@type\":\"ImageObject\",\"inLanguage\":\"pl-PL\",\"@id\":\"https:\/\/dwm24.pl\/blog\/#\/schema\/logo\/image\/\",\"url\":\"https:\/\/dwm24.pl\/blog\/wp-content\/uploads\/2022\/02\/cropped-logo_zlote-1-1200x900-1.png\",\"contentUrl\":\"https:\/\/dwm24.pl\/blog\/wp-content\/uploads\/2022\/02\/cropped-logo_zlote-1-1200x900-1.png\",\"width\":1200,\"height\":900,\"caption\":\"DWM - pomagamy, aby mieszka\u0142o si\u0119 lepiej\"},\"image\":{\"@id\":\"https:\/\/dwm24.pl\/blog\/#\/schema\/logo\/image\/\"}}]}<\/script>\n<!-- \/ Yoast SEO plugin. -->","yoast_head_json":{"title":"- DWM - pomagamy, aby mieszka\u0142o si\u0119 lepiej","robots":{"index":"index","follow":"follow","max-snippet":"max-snippet:-1","max-image-preview":"max-image-preview:large","max-video-preview":"max-video-preview:-1"},"canonical":"https:\/\/dwm24.pl\/blog\/","og_locale":"pl_PL","og_type":"article","og_title":"- DWM - pomagamy, aby mieszka\u0142o si\u0119 lepiej","og_url":"https:\/\/dwm24.pl\/blog\/","og_site_name":"DWM - pomagamy, aby mieszka\u0142o si\u0119 lepiej","article_publisher":"https:\/\/www.facebook.com\/dwm24","article_modified_time":"2024-05-15T09:44:11+00:00","og_image":[{"url":"https:\/\/i0.wp.com\/dwm24.pl\/blog\/wp-content\/uploads\/2022\/09\/materialy-1-1024x1024.jpeg?ssl=1"}],"twitter_card":"summary_large_image","twitter_misc":{"Szacowany czas czytania":"1 minuta"},"schema":{"@context":"https:\/\/schema.org","@graph":[{"@type":"WebPage","@id":"https:\/\/dwm24.pl\/blog\/","url":"https:\/\/dwm24.pl\/blog\/","name":"- DWM - pomagamy, aby mieszka\u0142o si\u0119 lepiej","isPartOf":{"@id":"https:\/\/dwm24.pl\/blog\/#website"},"datePublished":"2022-02-18T13:34:52+00:00","dateModified":"2024-05-15T09:44:11+00:00","breadcrumb":{"@id":"https:\/\/dwm24.pl\/blog\/#breadcrumb"},"inLanguage":"pl-PL","potentialAction":[{"@type":"ReadAction","target":["https:\/\/dwm24.pl\/blog\/"]}]},{"@type":"BreadcrumbList","@id":"https:\/\/dwm24.pl\/blog\/#breadcrumb","itemListElement":[{"@type":"ListItem","position":1,"name":"Strona g\u0142\u00f3wna","item":"https:\/\/dwm24.pl\/blog\/"},{"@type":"ListItem","position":2,"name":""}]},{"@type":"WebSite","@id":"https:\/\/dwm24.pl\/blog\/#website","url":"https:\/\/dwm24.pl\/blog\/","name":"DWM - pomagamy, aby mieszka\u0142o si\u0119 lepiej","description":"","publisher":{"@id":"https:\/\/dwm24.pl\/blog\/#organization"},"potentialAction":[{"@type":"SearchAction","target":{"@type":"EntryPoint","urlTemplate":"https:\/\/dwm24.pl\/blog\/?s={search_term_string}"},"query-input":"required name=search_term_string"}],"inLanguage":"pl-PL"},{"@type":"Organization","@id":"https:\/\/dwm24.pl\/blog\/#organization","name":"DWM - pomagamy, aby mieszka\u0142o si\u0119 lepiej","url":"https:\/\/dwm24.pl\/blog\/","sameAs":["https:\/\/www.instagram.com\/dwm24.pl\/","https:\/\/www.facebook.com\/dwm24"],"logo":{"@type":"ImageObject","inLanguage":"pl-PL","@id":"https:\/\/dwm24.pl\/blog\/#\/schema\/logo\/image\/","url":"https:\/\/dwm24.pl\/blog\/wp-content\/uploads\/2022\/02\/cropped-logo_zlote-1-1200x900-1.png","contentUrl":"https:\/\/dwm24.pl\/blog\/wp-content\/uploads\/2022\/02\/cropped-logo_zlote-1-1200x900-1.png","width":1200,"height":900,"caption":"DWM - pomagamy, aby mieszka\u0142o si\u0119 lepiej"},"image":{"@id":"https:\/\/dwm24.pl\/blog\/#\/schema\/logo\/image\/"}}]}},"jetpack_sharing_enabled":true,"_links":{"self":[{"href":"https:\/\/dwm24.pl\/blog\/wp-json\/wp\/v2\/pages\/44"}],"collection":[{"href":"https:\/\/dwm24.pl\/blog\/wp-json\/wp\/v2\/pages"}],"about":[{"href":"https:\/\/dwm24.pl\/blog\/wp-json\/wp\/v2\/types\/page"}],"author":[{"embeddable":true,"href":"https:\/\/dwm24.pl\/blog\/wp-json\/wp\/v2\/users\/1"}],"replies":[{"embeddable":true,"href":"https:\/\/dwm24.pl\/blog\/wp-json\/wp\/v2\/comments?post=44"}],"version-history":[{"count":31,"href":"https:\/\/dwm24.pl\/blog\/wp-json\/wp\/v2\/pages\/44\/revisions"}],"predecessor-version":[{"id":308,"href":"https:\/\/dwm24.pl\/blog\/wp-json\/wp\/v2\/pages\/44\/revisions\/308"}],"wp:attachment":[{"href":"https:\/\/dwm24.pl\/blog\/wp-json\/wp\/v2\/media?parent=44"}],"curies":[{"name":"wp","href":"https:\/\/api.w.org\/{rel}","templated":true}]}}